 434 and 14?
14
What is the highest common factor of 3 and 267?
3
Calculate the greatest common factor of 188 and 28.
4
Calculate the highest common divisor of 1150 and 70.
10
Calculate the highest common divisor of 14 and 20762.
14
What is the greatest common factor of 22 and 605?
11
What is the greatest common factor of 384 and 12?
12
What is the greatest common divisor of 103 and 515?
103
Calculate the highest common divisor of 10422 and 27.
27
What is the greatest common factor of 189 and 105?
21
What is the greatest common divisor of 138 and 1058?
46
What is the highest common divisor of 1972 and 204?
68
What is the greatest common factor of 220 and 44?
44
Calculate the highest common divisor of 35026 and 83.
83
Calculate the greatest common divisor of 7580 and 20.
20
What is the highest common factor of 361 and 1?
1
Calculate the highest common factor of 155 and 115.
5
Calculate the greatest common factor of 25 and 4925.
25
What is the highest common factor of 48 and 18?
6
Calculate the greatest common factor of 99 and 231.
33
Calculate the greatest common divisor of 25 and 4775.
25
What is the highest common divisor of 148 and 259?
37
What is the greatest common factor of 11 and 1133?
11
What is the highest common factor of 51 and 136?
17
What is the highest common divisor of 26 and 37661?
13
What is the greatest common factor of 64 and 152?
8
Calculate the greatest common factor of 3 and 201.
3
Calculate the greatest common factor of 320 and 1140.
20
Calculate the greatest common factor of 10 and 455.
5
Calculate the greatest common divisor of 2856 and 56.
56
What is the greatest common factor of 8 and 26?
2
What is the highest common divisor of 1360 and 408?
136
What is the highest common factor of 8368 and 16?
16
What is the greatest common factor of 3648 and 132?
12
Calculate the greatest common factor of 45 and 60.
15
Calculate the greatest common factor of 266 and 190.
38
Calculate the greatest common factor of 185 and 55.
5
What is the highest common divisor of 901 and 2491?
53
What is the greatest common factor of 22 and 253?
11
What is the greatest common factor of 66 and 1947?
33
What is the highest common factor of 18 and 8982?
18
Calculate the greatest common factor of 68 and 324.
4
Calculate the greatest common factor of 24 and 5046.
6
Calculate the greatest common divisor of 140 and 175.
35
Calculate the greatest common factor of 60 and 5046.
6
What is the greatest common divisor of 1 and 3001?
1
Calculate the greatest common factor of 16 and 57968.
16
What is the greatest common divisor of 2 and 1010?
2
What is the greatest common divisor of 72 and 1152?
72
Calculate the greatest common divisor of 12274 and 95.
19
What is the greatest common factor of 52 and 16?
4
What is the highest common factor of 5 and 4315?
5
What is the greatest common factor of 117 and 156?
39
Calculate the highest common divisor of 159 and 318.
159
Calculate the greatest common factor of 7620 and 180.
60
Calculate the greatest common factor of 10 and 2330.
10
What is the highest common divisor of 69 and 21?
3
What is the highest common factor of 10304 and 56?
56
Calculate the highest common divisor of 14 and 602.
14
Calculate the greatest common divisor of 7387 and 415.
83
What is the greatest common factor of 42 and 8274?
42
Calculate the highest common factor of 99 and 22.
11
Calculate the greatest common factor of 27 and 3.
3
What is the greatest common factor of 124 and 31?
31
What is the highest common divisor of 80 and 1410?
10
Calculate the greatest common divisor of 3348 and 108.
108
Calculate the highest common divisor of 60 and 228.
12
What is the highest common factor of 21 and 525?
21
What is the highest common divisor of 407 and 88?
11
What is the highest common factor of 140 and 11060?
140
What is the greatest common divisor of 7821 and 9?
9
Calculate the greatest common divisor of 6 and 633.
3
What is the greatest common divisor of 20 and 940?
20
Calculate the greatest common divisor of 660 and 22.
22
Calculate the greatest common divisor of 442 and 34.
34
Calculate the greatest common divisor of 442 and 52.
26
Calculate the greatest common divisor of 102 and 6681.
51
What is the highest common divisor of 1281 and 21?
21
Calculate the greatest common factor of 885 and 165.
15
Calculate the highest common factor of 26 and 8.
2
Calculate the greatest common factor of 40 and 1640.
40
What is the highest common factor of 10492 and 344?
172
Calculate the highest common factor of 301 and 7.
7
Calculate the greatest common divisor of 2232 and 360.
72
What is the highest common factor of 2 and 43?
1
Calculate the greatest common divisor of 480 and 510.
30
Calculate the highest common divisor of 48722 and 34.
34
What is the greatest common factor of 7 and 91?
7
Calculate the greatest common divisor of 8 and 2480.
8
Calculate the greatest common factor of 36 and 36.
36
Calculate the greatest common factor of 132 and 748.
44
Calculate the highest common factor of 3757 and 1445.
289
Calculate the highest common factor of 2299 and 484.
121
Calculate the highest common divisor of 1412 and 20.
4
Calculate the highest common factor of 10 and 1285.
5
What is the greatest common factor of 21 and 21?
21
What is the highest common factor of 360 and 144?
72
Calculate the greatest common divisor of 1176 and 408.
24
What is the greatest common divisor of 319 and 29?
29
Calculate the highest common factor of 27 and 999.
27
What is the highest common factor of 106 and 1219?
53
What is the greatest common factor of 1590 and 630?
30
Calculate the highest common divisor of 1424 and 16.
16
Calculate the highest common divisor of 946 and 516.
86
Calculate the highest common divisor of 24 and 42.
6
What is the highest common factor of 435 and 30?
15
Calculate the highest common factor of 25 and 1475.
25
Calculate the greatest common divisor of 333 and 5254.
37
Calculate the highest common factor of 50 and 160.
10
Calculate the highest common divisor of 595 and 153.
17
Calculate the greatest common factor of 80 and 100.
20
Calculate the highest common divisor of 161 and 1633.
23
Calculate the greatest common factor of 9195 and 75.
15
Calculate the highest common divisor of 30 and 12060.
30
Calculate the highest common factor of 5 and 215.
5
Calculate the greatest common divisor of 45 and 45.
45
Calculate the greatest common divisor of 92 and 253.
23
Calculate the greatest common divisor of 35 and 665.
35
What is the greatest common factor of 38 and 12312?
38
Calculate the greatest common divisor of 7 and 462.
7
Calculate the highest common divisor of 19 and 3743.
19
Calculate the highest common factor of 156 and 1196.
52
What is the greatest common divisor of 707 and 11716?
101
What is the greatest common factor of 253 and 23?
23
What is the greatest common divisor of 21 and 2163?
21
What is the greatest common factor of 10058 and 94?
94
Calculate the greatest common divisor of 1352 and 88.
8
Calculate the highest common divisor of 3201 and 132.
33
What is the highest common divisor of 132 and 88?
44
Calculate the greatest common divisor of 10 and 490.
10
What is the highest common factor of 108 and 924?
12
Calculate the highest common factor of 84 and 972.
12
What is the highest common factor of 295 and 1357?
59
What is the highest common divisor of 238 and 7?
7
What is the highest common factor of 10 and 625?
5
What is the highest common divisor of 45 and 30?
15
What is the highest common divisor of 273 and 5889?
39
Calculate the greatest common factor of 312 and 1352.
104
Calculate the greatest common factor of 64 and 1396.
4
What is the greatest common divisor of 27 and 2?
1
What is the greatest common divisor of 27 and 522?
9
Calculate the highest common divisor of 161 and 7.
7
What is the highest common divisor of 2893 and 526?
263
What is the greatest common factor of 61 and 488?
61
What is the greatest common divisor of 104 and 208?
104
Calculate the greatest common divisor of 28 and 10724.
28
What is the greatest common divisor of 21 and 1047?
3
What is the greatest common factor of 2280 and 240?
120
What is the greatest common factor of 812 and 28?
28
What is the greatest common divisor of 351 and 27?
27
What is the greatest common divisor of 450 an